{"id":2457,"date":"2025-09-19T10:30:53","date_gmt":"2025-09-19T09:30:53","guid":{"rendered":"https:\/\/campervanservice.fr\/?page_id=2457"},"modified":"2025-09-19T11:15:25","modified_gmt":"2025-09-19T10:15:25","slug":"mentions-legales","status":"publish","type":"page","link":"https:\/\/campervanservice.fr\/en\/mentions-legales\/","title":{"rendered":"Legal information"},"content":{"rendered":"\t\t<div data-elementor-type=\"wp-page\" data-elementor-id=\"2457\" class=\"elementor elementor-2457\" data-elementor-post-type=\"page\">\n\t\t\t\t<div class=\"elementor-element elementor-element-eceeced e-flex e-con-boxed e-con e-parent\" data-id=\"eceeced\" data-element_type=\"container\" data-e-type=\"container\">\n\t\t\t\t\t<div class=\"e-con-inner\">\n\t\t\t\t<div class=\"elementor-element elementor-element-4356a27 elementor-widget elementor-widget-text-editor\" data-id=\"4356a27\" data-element_type=\"widget\" data-e-type=\"widget\" data-widget_type=\"text-editor.default\">\n\t\t\t\t<div class=\"elementor-widget-container\">\n\t\t\t\t\t\t\t\t\t<blockquote data-start=\"4420\" data-end=\"4494\"><p data-start=\"2771\" data-end=\"2792\"><strong data-start=\"2771\" data-end=\"2790\">\u00c9diteur du site<\/strong><\/p><ul data-start=\"2793\" data-end=\"3268\"><li data-start=\"2793\" data-end=\"2836\"><p data-start=\"2795\" data-end=\"2836\"><strong data-start=\"2795\" data-end=\"2805\">Site :<\/strong> <a class=\"decorated-link\" href=\"https:\/\/campervanservice.fr\/\" target=\"_new\" rel=\"noopener\" data-start=\"2806\" data-end=\"2834\">https:\/\/campervanservice.fr\/<\/a><\/p><\/li><li data-start=\"2837\" data-end=\"2911\"><p data-start=\"2839\" data-end=\"2911\"><strong data-start=\"2839\" data-end=\"2859\">Raison sociale :<\/strong> CAMPER &amp; VAN SERVICE EI (entreprise individuelle)<\/p><\/li><li data-start=\"2912\" data-end=\"2965\"><p data-start=\"2914\" data-end=\"2965\"><strong style=\"background-color: transparent; font-family: -apple-system, BlinkMacSystemFont, 'Segoe UI', Roboto, 'Helvetica Neue', Arial, 'Noto Sans', sans-serif, 'Apple Color Emoji', 'Segoe UI Emoji', 'Segoe UI Symbol', 'Noto Color Emoji';\" data-start=\"2968\" data-end=\"2981\">Directeur de publication : Maxime Lelievre &#8211; Agence Konekta Bidart &amp; Anglet<\/strong><\/p><\/li><li data-start=\"2912\" data-end=\"2965\"><p data-start=\"2914\" data-end=\"2965\"><strong style=\"background-color: transparent; font-family: -apple-system, BlinkMacSystemFont, 'Segoe UI', Roboto, 'Helvetica Neue', Arial, 'Noto Sans', sans-serif, 'Apple Color Emoji', 'Segoe UI Emoji', 'Segoe UI Symbol', 'Noto Color Emoji';\" data-start=\"2968\" data-end=\"2981\">Adresse :<\/strong><span style=\"background-color: transparent; font-family: -apple-system, BlinkMacSystemFont, 'Segoe UI', Roboto, 'Helvetica Neue', Arial, 'Noto Sans', sans-serif, 'Apple Color Emoji', 'Segoe UI Emoji', 'Segoe UI Symbol', 'Noto Color Emoji';\"> 7 All\u00e9e Louis de Foix, 64600 Anglet, France<\/span><\/p><\/li><li data-start=\"3028\" data-end=\"3104\"><p data-start=\"3030\" data-end=\"3104\"><strong data-start=\"3030\" data-end=\"3042\">E-mail :<\/strong> <a class=\"decorated-link cursor-pointer\" rel=\"noopener\" data-start=\"3043\" data-end=\"3071\">campervanservice64@gmail.com<\/a> \u2013 <strong data-start=\"3074\" data-end=\"3084\">T\u00e9l. :<\/strong> +33 6 41 76 15 00<\/p><\/li><li data-start=\"3105\" data-end=\"3138\"><p data-start=\"3107\" data-end=\"3138\"><strong data-start=\"3107\" data-end=\"3118\">SIRET :<\/strong> 904 964 806 00023<\/p><\/li><li data-start=\"3139\" data-end=\"3185\"><p data-start=\"3141\" data-end=\"3185\"><strong data-start=\"3141\" data-end=\"3169\">TVA intracommunautaire :<\/strong> FR34904964806<strong style=\"font-family: -apple-system, BlinkMacSystemFont, 'Segoe UI', Roboto, 'Helvetica Neue', Arial, 'Noto Sans', sans-serif, 'Apple Color Emoji', 'Segoe UI Emoji', 'Segoe UI Symbol', 'Noto Color Emoji'; font-size: 1rem;\" data-start=\"3270\" data-end=\"3283\"><br \/><\/strong><\/p><\/li><\/ul><p data-start=\"3188\" data-end=\"3268\"><strong style=\"font-family: -apple-system, BlinkMacSystemFont, 'Segoe UI', Roboto, 'Helvetica Neue', Arial, 'Noto Sans', sans-serif, 'Apple Color Emoji', 'Segoe UI Emoji', 'Segoe UI Symbol', 'Noto Color Emoji'; font-size: 1rem;\" data-start=\"3270\" data-end=\"3283\">H\u00e9bergeur<\/strong><\/p><ul data-start=\"3286\" data-end=\"3526\"><li data-start=\"3286\" data-end=\"3371\"><p data-start=\"3288\" data-end=\"3371\"><strong data-start=\"3288\" data-end=\"3300\">o2switch<\/strong> \u2013 222-224 boulevard Gustave Flaubert, 63000 Clermont-Ferrand, France<\/p><\/li><li data-start=\"3372\" data-end=\"3526\"><p data-start=\"3374\" data-end=\"3526\"><strong data-start=\"3374\" data-end=\"3385\">SIREN :<\/strong> 510 909 807 \u2013 <strong data-start=\"3400\" data-end=\"3410\">T\u00e9l. :<\/strong> 04 44 44 60 40 \u2013 <strong data-start=\"3428\" data-end=\"3438\">Mail :<\/strong> <a class=\"decorated-link cursor-pointer\" rel=\"noopener\" data-start=\"3439\" data-end=\"3458\">support@o2switch.fr<\/a> \u2013 <strong data-start=\"3461\" data-end=\"3471\">Site :<\/strong> <a class=\"decorated-link cursor-pointer\" target=\"_new\" rel=\"noopener\" data-start=\"3472\" data-end=\"3487\">www.o2switch.fr<\/a>. <span class=\"\" data-state=\"closed\"><span class=\"ms-1 inline-flex max-w-full items-center relative top-[-0.094rem] animate-[show_150ms_ease-in]\" data-testid=\"webpage-citation-pill\"><a class=\"flex h-4.5 overflow-hidden rounded-xl px-2 text-[9px] font-medium transition-colors duration-150 ease-in-out text-token-text-secondary! bg-[#F4F4F4]! dark:bg-[#303030]!\" href=\"https:\/\/annuaire-entreprises.data.gouv.fr\/entreprise\/o2switch-o2switch-510909807?utm_source=chatgpt.com\" target=\"_blank\" rel=\"noopener\"><span class=\"relative start-0 bottom-0 flex h-full w-full items-center\"><span class=\"flex h-4 w-full items-center justify-between\"><span class=\"max-w-[15ch] grow truncate overflow-hidden text-center\">Annuaire des Entreprises<\/span><span class=\"-me-1 flex h-full items-center rounded-full px-1 text-[#8F8F8F]\">+1<\/span><\/span><\/span><\/a><\/span><\/span><\/p><\/li><\/ul><p data-start=\"3528\" data-end=\"3750\"><strong data-start=\"3528\" data-end=\"3556\">Propri\u00e9t\u00e9 intellectuelle<\/strong><br data-start=\"3556\" data-end=\"3559\" \/>Contenus (textes, photos, logo, charte) prot\u00e9g\u00e9s par le Code de la propri\u00e9t\u00e9 intellectuelle. Toute reproduction, adaptation ou diffusion, m\u00eame partielle, n\u00e9cessite une autorisation pr\u00e9alable.<\/p><p data-start=\"3752\" data-end=\"3967\"><strong data-start=\"3752\" data-end=\"3770\">Responsabilit\u00e9<\/strong><br data-start=\"3770\" data-end=\"3773\" \/>Les informations sont fournies \u00ab en l\u2019\u00e9tat \u00bb. L\u2019\u00e9diteur ne peut \u00eatre tenu responsable des dommages li\u00e9s \u00e0 l\u2019utilisation du site ni du contenu des sites externes vers lesquels pointent des liens.<\/p><p data-start=\"3969\" data-end=\"4002\"><strong data-start=\"3969\" data-end=\"4000\">Donn\u00e9es personnelles (RGPD)<\/strong><\/p><ul data-start=\"4003\" data-end=\"4499\"><li data-start=\"4003\" data-end=\"4062\"><p data-start=\"4005\" data-end=\"4062\"><strong data-start=\"4005\" data-end=\"4036\">Responsable de traitement :<\/strong> CAMPER &amp; VAN SERVICE EI<\/p><\/li><li data-start=\"4063\" data-end=\"4138\"><p data-start=\"4065\" data-end=\"4138\"><strong data-start=\"4065\" data-end=\"4080\">Finalit\u00e9s :<\/strong> gestion des demandes (contact, devis), relation client.<\/p><\/li><li data-start=\"4139\" data-end=\"4210\"><p data-start=\"4141\" data-end=\"4210\"><strong data-start=\"4141\" data-end=\"4158\">Base l\u00e9gale :<\/strong> int\u00e9r\u00eat l\u00e9gitime et\/ou mesures pr\u00e9contractuelles.<\/p><\/li><li data-start=\"4211\" data-end=\"4294\"><p data-start=\"4213\" data-end=\"4294\"><strong data-start=\"4213\" data-end=\"4225\">Dur\u00e9es :<\/strong> jusqu\u2019\u00e0 3 ans apr\u00e8s le dernier contact (hors obligations l\u00e9gales).<\/p><\/li><li data-start=\"4295\" data-end=\"4499\"><p data-start=\"4297\" data-end=\"4499\"><strong data-start=\"4297\" data-end=\"4314\">Droits RGPD :<\/strong> acc\u00e8s, rectification, effacement, opposition, limitation, portabilit\u00e9 via <strong data-start=\"4389\" data-end=\"4421\"><a class=\"decorated-link cursor-pointer\" rel=\"noopener\" data-start=\"4391\" data-end=\"4419\">campervanservice64@gmail.com<\/a><\/strong> ou courrier postal. R\u00e9clamation possible aupr\u00e8s de la <strong data-start=\"4476\" data-end=\"4484\">CNIL<\/strong> (<a class=\"decorated-link cursor-pointer\" target=\"_new\" rel=\"noopener\" data-start=\"4486\" data-end=\"4497\">www.cnil.fr<\/a>).<\/p><\/li><\/ul><p data-start=\"4501\" data-end=\"4791\"><strong data-start=\"4501\" data-end=\"4512\">Cookies<\/strong><br data-start=\"4512\" data-end=\"4515\" \/>Le site utilise des cookies strictement n\u00e9cessaires. Vous pouvez consulter la page &#8211; <a href=\"https:\/\/campervanservice.fr\/politique-de-cookies-ue\/\">Cookies<\/a> &#8211; <span class=\"\" data-state=\"closed\"><span class=\"ms-1 inline-flex max-w-full items-center relative top-[-0.094rem] animate-[show_150ms_ease-in]\" data-testid=\"webpage-citation-pill\"><a class=\"flex h-4.5 overflow-hidden rounded-xl px-2 text-[9px] font-medium transition-colors duration-150 ease-in-out text-token-text-secondary! bg-[#F4F4F4]! dark:bg-[#303030]!\" href=\"https:\/\/www.cnil.fr\/en\/cookie-regulation-cnil-continuing-action-plan-initiated-2019-and-has-imposed-two-fines-shein-and?utm_source=chatgpt.com\" target=\"_blank\" rel=\"noopener\"><span class=\"relative start-0 bottom-0 flex h-full w-full items-center\"><span class=\"flex h-4 w-full items-center justify-between overflow-hidden\"><span class=\"max-w-[15ch] grow truncate overflow-hidden text-center\">CNIL<\/span><\/span><\/span><\/a><\/span><\/span><\/p><p data-start=\"4793\" data-end=\"4956\"><strong data-start=\"4793\" data-end=\"4834\">M\u00e9diation de la consommation (si B2C)<\/strong><br data-start=\"4834\" data-end=\"4837\" \/>Conform\u00e9ment aux art. L.616-1 et R.616-1 du Code de la consommation, vous pouvez recourir gratuitement au m\u00e9diateur :<\/p><ul data-start=\"4957\" data-end=\"5171\"><li data-start=\"5034\" data-end=\"5171\"><p data-start=\"5036\" data-end=\"5171\">Plateforme europ\u00e9enne de r\u00e8glement en ligne des litiges : <strong data-start=\"5094\" data-end=\"5132\"><a class=\"decorated-link cursor-pointer\" target=\"_new\" rel=\"noopener\" data-start=\"5096\" data-end=\"5130\">https:\/\/ec.europa.eu\/consumers\/odr<\/a><\/strong>.<\/p><\/li><\/ul><\/blockquote>\t\t\t\t\t\t\t\t<\/div>\n\t\t\t\t<\/div>\n\t\t\t\t\t<\/div>\n\t\t\t\t<\/div>\n\t\t\t\t<\/div>\n\t\t","protected":false},"excerpt":{"rendered":"<p>\u00c9diteur du site Site : https:\/\/campervanservice.fr\/ Raison sociale : CAMPER &amp; VAN SERVICE EI (entreprise individuelle) Directeur de publication : Maxime Lelievre &#8211; Agence Konekta Bidart &amp; Anglet Adresse : 7 All\u00e9e Louis de Foix, 64600 Anglet, France E-mail : campervanservice64@gmail.com \u2013 T\u00e9l. : +33 6 41 76 15 00 SIRET : 904 964 806 [&hellip;]<\/p>\n","protected":false},"author":2,"featured_media":0,"parent":0,"menu_order":0,"comment_status":"closed","ping_status":"closed","template":"","meta":{"footnotes":""},"class_list":["post-2457","page","type-page","status-publish","hentry"],"jetpack_sharing_enabled":true,"_links":{"self":[{"href":"https:\/\/campervanservice.fr\/en\/wp-json\/wp\/v2\/pages\/2457","targetHints":{"allow":["GET"]}}],"collection":[{"href":"https:\/\/campervanservice.fr\/en\/wp-json\/wp\/v2\/pages"}],"about":[{"href":"https:\/\/campervanservice.fr\/en\/wp-json\/wp\/v2\/types\/page"}],"author":[{"embeddable":true,"href":"https:\/\/campervanservice.fr\/en\/wp-json\/wp\/v2\/users\/2"}],"replies":[{"embeddable":true,"href":"https:\/\/campervanservice.fr\/en\/wp-json\/wp\/v2\/comments?post=2457"}],"version-history":[{"count":16,"href":"https:\/\/campervanservice.fr\/en\/wp-json\/wp\/v2\/pages\/2457\/revisions"}],"predecessor-version":[{"id":2476,"href":"https:\/\/campervanservice.fr\/en\/wp-json\/wp\/v2\/pages\/2457\/revisions\/2476"}],"wp:attachment":[{"href":"https:\/\/campervanservice.fr\/en\/wp-json\/wp\/v2\/media?parent=2457"}],"curies":[{"name":"wp","href":"https:\/\/api.w.org\/{rel}","templated":true}]}}

<div data-elementor-type="wp-page" data-elementor-id="2457" class="elementor elementor-2457" data-elementor-post-type="page">
				<div class="elementor-element elementor-element-eceeced e-flex e-con-boxed e-con e-parent" data-id="eceeced" data-element_type="container" data-e-type="container">
					<div class="e-con-inner">
				<div class="elementor-element elementor-element-4356a27 elementor-widget elementor-widget-text-editor" data-id="4356a27" data-element_type="widget" data-e-type="widget" data-widget_type="text-editor.default">
				<div class="elementor-widget-container">
									<blockquote data-start="4420" data-end="4494"><p data-start="2771" data-end="2792"><strong data-start="2771" data-end="2790">Éditeur du site</strong></p><ul data-start="2793" data-end="3268"><li data-start="2793" data-end="2836"><p data-start="2795" data-end="2836"><strong data-start="2795" data-end="2805">Site :</strong> <a class="decorated-link" href="https://campervanservice.fr/" target="_new" rel="noopener" data-start="2806" data-end="2834">https://campervanservice.fr/</a></p></li><li data-start="2837" data-end="2911"><p data-start="2839" data-end="2911"><strong data-start="2839" data-end="2859">Raison sociale :</strong> CAMPER &amp; VAN SERVICE EI (entreprise individuelle)</p></li><li data-start="2912" data-end="2965"><p data-start="2914" data-end="2965"><strong style="background-color: transparent; font-family: -apple-system, BlinkMacSystemFont, 'Segoe UI', Roboto, 'Helvetica Neue', Arial, 'Noto Sans', sans-serif, 'Apple Color Emoji', 'Segoe UI Emoji', 'Segoe UI Symbol', 'Noto Color Emoji';" data-start="2968" data-end="2981">Directeur de publication : Maxime Lelievre &#8211; Agence Konekta Bidart &amp; Anglet</strong></p></li><li data-start="2912" data-end="2965"><p data-start="2914" data-end="2965"><strong style="background-color: transparent; font-family: -apple-system, BlinkMacSystemFont, 'Segoe UI', Roboto, 'Helvetica Neue', Arial, 'Noto Sans', sans-serif, 'Apple Color Emoji', 'Segoe UI Emoji', 'Segoe UI Symbol', 'Noto Color Emoji';" data-start="2968" data-end="2981">Adresse :</strong><span style="background-color: transparent; font-family: -apple-system, BlinkMacSystemFont, 'Segoe UI', Roboto, 'Helvetica Neue', Arial, 'Noto Sans', sans-serif, 'Apple Color Emoji', 'Segoe UI Emoji', 'Segoe UI Symbol', 'Noto Color Emoji';"> 7 Allée Louis de Foix, 64600 Anglet, France</span></p></li><li data-start="3028" data-end="3104"><p data-start="3030" data-end="3104"><strong data-start="3030" data-end="3042">E-mail :</strong> <a class="decorated-link cursor-pointer" rel="noopener" data-start="3043" data-end="3071">campervanservice64@gmail.com</a> – <strong data-start="3074" data-end="3084">Tél. :</strong> +33 6 41 76 15 00</p></li><li data-start="3105" data-end="3138"><p data-start="3107" data-end="3138"><strong data-start="3107" data-end="3118">SIRET :</strong> 904 964 806 00023</p></li><li data-start="3139" data-end="3185"><p data-start="3141" data-end="3185"><strong data-start="3141" data-end="3169">TVA intracommunautaire :</strong> FR34904964806<strong style="font-family: -apple-system, BlinkMacSystemFont, 'Segoe UI', Roboto, 'Helvetica Neue', Arial, 'Noto Sans', sans-serif, 'Apple Color Emoji', 'Segoe UI Emoji', 'Segoe UI Symbol', 'Noto Color Emoji'; font-size: 1rem;" data-start="3270" data-end="3283"><br /></strong></p></li></ul><p data-start="3188" data-end="3268"><strong style="font-family: -apple-system, BlinkMacSystemFont, 'Segoe UI', Roboto, 'Helvetica Neue', Arial, 'Noto Sans', sans-serif, 'Apple Color Emoji', 'Segoe UI Emoji', 'Segoe UI Symbol', 'Noto Color Emoji'; font-size: 1rem;" data-start="3270" data-end="3283">Hébergeur</strong></p><ul data-start="3286" data-end="3526"><li data-start="3286" data-end="3371"><p data-start="3288" data-end="3371"><strong data-start="3288" data-end="3300">o2switch</strong> – 222-224 boulevard Gustave Flaubert, 63000 Clermont-Ferrand, France</p></li><li data-start="3372" data-end="3526"><p data-start="3374" data-end="3526"><strong data-start="3374" data-end="3385">SIREN :</strong> 510 909 807 – <strong data-start="3400" data-end="3410">Tél. :</strong> 04 44 44 60 40 – <strong data-start="3428" data-end="3438">Mail :</strong> <a class="decorated-link cursor-pointer" rel="noopener" data-start="3439" data-end="3458">support@o2switch.fr</a> – <strong data-start="3461" data-end="3471">Site :</strong> <a class="decorated-link cursor-pointer" target="_new" rel="noopener" data-start="3472" data-end="3487">www.o2switch.fr</a>. <span class="" data-state="closed"><span class="ms-1 inline-flex max-w-full items-center relative top-[-0.094rem] animate-[show_150ms_ease-in]" data-testid="webpage-citation-pill"><a class="flex h-4.5 overflow-hidden rounded-xl px-2 text-[9px] font-medium transition-colors duration-150 ease-in-out text-token-text-secondary! bg-[#F4F4F4]! dark:bg-[#303030]!" href="https://annuaire-entreprises.data.gouv.fr/entreprise/o2switch-o2switch-510909807?utm_source=chatgpt.com" target="_blank" rel="noopener"><span class="relative start-0 bottom-0 flex h-full w-full items-center"><span class="flex h-4 w-full items-center justify-between"><span class="max-w-[15ch] grow truncate overflow-hidden text-center">Annuaire des Entreprises</span><span class="-me-1 flex h-full items-center rounded-full px-1 text-[#8F8F8F]">+1</span></span></span></a></span></span></p></li></ul><p data-start="3528" data-end="3750"><strong data-start="3528" data-end="3556">Propriété intellectuelle</strong><br data-start="3556" data-end="3559" />Contenus (textes, photos, logo, charte) protégés par le Code de la propriété intellectuelle. Toute reproduction, adaptation ou diffusion, même partielle, nécessite une autorisation préalable.</p><p data-start="3752" data-end="3967"><strong data-start="3752" data-end="3770">Responsabilité</strong><br data-start="3770" data-end="3773" />Les informations sont fournies « en l’état ». L’éditeur ne peut être tenu responsable des dommages liés à l’utilisation du site ni du contenu des sites externes vers lesquels pointent des liens.</p><p data-start="3969" data-end="4002"><strong data-start="3969" data-end="4000">Données personnelles (RGPD)</strong></p><ul data-start="4003" data-end="4499"><li data-start="4003" data-end="4062"><p data-start="4005" data-end="4062"><strong data-start="4005" data-end="4036">Responsable de traitement :</strong> CAMPER &amp; VAN SERVICE EI</p></li><li data-start="4063" data-end="4138"><p data-start="4065" data-end="4138"><strong data-start="4065" data-end="4080">Finalités :</strong> gestion des demandes (contact, devis), relation client.</p></li><li data-start="4139" data-end="4210"><p data-start="4141" data-end="4210"><strong data-start="4141" data-end="4158">Base légale :</strong> intérêt légitime et/ou mesures précontractuelles.</p></li><li data-start="4211" data-end="4294"><p data-start="4213" data-end="4294"><strong data-start="4213" data-end="4225">Durées :</strong> jusqu’à 3 ans après le dernier contact (hors obligations légales).</p></li><li data-start="4295" data-end="4499"><p data-start="4297" data-end="4499"><strong data-start="4297" data-end="4314">Droits RGPD :</strong> accès, rectification, effacement, opposition, limitation, portabilité via <strong data-start="4389" data-end="4421"><a class="decorated-link cursor-pointer" rel="noopener" data-start="4391" data-end="4419">campervanservice64@gmail.com</a></strong> ou courrier postal. Réclamation possible auprès de la <strong data-start="4476" data-end="4484">CNIL</strong> (<a class="decorated-link cursor-pointer" target="_new" rel="noopener" data-start="4486" data-end="4497">www.cnil.fr</a>).</p></li></ul><p data-start="4501" data-end="4791"><strong data-start="4501" data-end="4512">Cookies</strong><br data-start="4512" data-end="4515" />Le site utilise des cookies strictement nécessaires. Vous pouvez consulter la page &#8211; <a href="https://campervanservice.fr/politique-de-cookies-ue/">Cookies</a> &#8211; <span class="" data-state="closed"><span class="ms-1 inline-flex max-w-full items-center relative top-[-0.094rem] animate-[show_150ms_ease-in]" data-testid="webpage-citation-pill"><a class="flex h-4.5 overflow-hidden rounded-xl px-2 text-[9px] font-medium transition-colors duration-150 ease-in-out text-token-text-secondary! bg-[#F4F4F4]! dark:bg-[#303030]!" href="https://www.cnil.fr/en/cookie-regulation-cnil-continuing-action-plan-initiated-2019-and-has-imposed-two-fines-shein-and?utm_source=chatgpt.com" target="_blank" rel="noopener"><span class="relative start-0 bottom-0 flex h-full w-full items-center"><span class="flex h-4 w-full items-center justify-between overflow-hidden"><span class="max-w-[15ch] grow truncate overflow-hidden text-center">CNIL</span></span></span></a></span></span></p><p data-start="4793" data-end="4956"><strong data-start="4793" data-end="4834">Médiation de la consommation (si B2C)</strong><br data-start="4834" data-end="4837" />Conformément aux art. L.616-1 et R.616-1 du Code de la consommation, vous pouvez recourir gratuitement au médiateur :</p><ul data-start="4957" data-end="5171"><li data-start="5034" data-end="5171"><p data-start="5036" data-end="5171">Plateforme européenne de règlement en ligne des litiges : <strong data-start="5094" data-end="5132"><a class="decorated-link cursor-pointer" target="_new" rel="noopener" data-start="5096" data-end="5130">https://ec.europa.eu/consumers/odr</a></strong>.</p></li></ul></blockquote>								</div>
				</div>
					</div>
				</div>
				</div>

<p>Éditeur du site Site : https://campervanservice.fr/ Raison sociale : CAMPER &amp; VAN SERVICE EI (entreprise individuelle) Directeur de publication : Maxime Lelievre &#8211; Agence Konekta Bidart &amp; Anglet Adresse : 7 Allée Louis de Foix, 64600 Anglet, France E-mail : campervanservice64@gmail.com – Tél. : +33 6 41 76 15 00 SIRET : 904 964 806 [&hellip;]</p>
